 4*r + 54 = 0. Calculate the remainder when 148 is divided by c.
34
Suppose -4*o = -5*o + 28. Suppose -3*d + 0*d + 5*n + 19 = 0, 3*d - 23 = n. Calculate the remainder when o is divided by d.
4
Suppose 4*m - 3*m = 5. Let g be m - (3 + 0 + -6). Let r = g + -5. Calculate the remainder when r is divided by 1.
0
Let g = 143 + -129. What is the remainder when 26 is divided by g?
12
Suppose 4*q - 96 = -4*l - l, l = 4*q. Let j(r) = 3*r**2 + 3*r. Let u = -3 + 1. Calculate the remainder when l is divided by j(u).
4
Let w(j) = -2*j**2 + 37*j + 41. Calculate the remainder when 416 is divided by w(19).
20
Let r(w) = -w**2 + 5*w - 1. Let c(m) = m**2 - m + 1. Let y(k) = -2*c(k) - r(k). Let h be y(-2). What is the remainder when 30 is divided by h/((7 - 4)/24)?
6
Let y be 1/((-136)/46 + 3). Suppose 0 = y*p - 24*p - 6. Calculate the remainder when 9 is divided by (-16)/p*6/4.
1
Let j(l) = -39*l - 229. Suppose 2*g - 5*g + 21 = 0. Suppose 3*f - g = 20. Calculate the remainder when f is divided by j(-6).
4
Let p = 79 + -22. Let g = -46 + p. Calculate the remainder when 64 is divided by g.
9
Let a = 217 + -212. Calculate the remainder when 28 is divided by a.
3
What is the remainder when 78 is divided by 0 + (18/(-4))/(10/(-20))?
6
Suppose -4*p + 125 = p. Let z = 36 + -34. Suppose 5*h - 385 = 5*b, 5*h - 345 = -3*b - z*b. Calculate the remainder when h is divided by p.
23
Suppose 2*v - 2*i = 3*i + 57, -5*i + 7 = 2*v. Suppose 0*c - 12 = 3*c, 5*c = -3*n + v. Calculate the remainder when 20 is divided by n.
8
Let m be (54/(-8))/((-1)/(-4)). Let p = m + 35. Calculate the remainder when 13 is divided by p.
5
Let g(s) = 27*s**2 - 16 - 58*s**2 + 30*s**2 - 10*s. Calculate the remainder when 17 is divided by g(-7).
2
Suppose -70 = -q - 2*d, -20*d - 158 = -2*q - 18*d. Let f = 26 + -5. Calculate the remainder when q is divided by f.
13
Let r(w) = 6*w - 4. Calculate the remainder when r(14) is divided by 33.
14
Let a(t) = 4*t**2 - 11 - 2*t**2 + 9*t - 2*t**2 - t**2. Let l be a(9). Let f = -1 - l. Calculate the remainder when f is divided by 3.
1
Let s = 348 + -331. What is the remainder when 33 is divided by s?
16
Let o(g) = -g**2 + 5*g + 4303. Calculate the remainder when o(0) is divided by 16.
15
Suppose -5*s = -468 - 527. Let r = -166 + s. Calculate the remainder when 161 is divided by r.
29
Suppose -16 = -0*d - 4*d. Suppose 0 = d*x + 5*u - 71, 2*u - u - 45 = -3*x. What is the remainder when 38 is divided by x?
10
Suppose 0 = 13*d + 7*d - 520. Suppose 95 = -5*m - 2*r + 486, 3*r + 376 = 5*m. Suppose m - 2 = s. What is the remainder when s is divided by d?
23
Let c(d) = 2*d**2 + 4*d + 5. Let h(k) = -2*k. Let v be h(2). What is the remainder when c(v) is divided by 12?
9
Let t(z) = 7*z**3 - 4*z**2 - 6*z + 4. Let v be t(4). Calculate the remainder when v/21 + 1/((-6)/8) is divided by 9.
7
Suppose -18 = -6*o + 132. What is the remainder when o is divided by 15?
10
Calculate the remainder when 359 is divided by 1 - (226/(-8) + (-1)/(-4)).
11
Suppose s - 16 - 13 = 0. Calculate the remainder when s is divided by 18.
11
Suppose k - 5*k = -172. Let j(g) = -g - 16. What is the remainder when k is divided by j(-25)?
7
Let m(a) = -a**2 - 12*a - 4. Let q be m(-9). Let y = 100 - q. What is the remainder when y is divided by (-6)/(6 + -3)*-13?
25
Suppose -5*b + 27 - 6 = 4*g, -g + 4 = b. Suppose d - 2*n = -2*d + 14, 4*d - b*n - 21 = 0. Calculate the remainder when (1 - -1)/(4/26) is divided by d.
1
Let v = 819 - 413. Calculate the remainder when v is divided by 99.
10
Let o be (-12)/(-8)*2/(-3)*4. Let q(w) = -4*w**3 - 9*w**2 + 8*w - 5. What is the remainder when q(o) is divided by 13?
10
Let t(b) be the first derivative of b**3/3 - 13*b**2/2 + 13*b + 2. What is the remainder when t(14) is divided by 15?
12
Let l = -903 + 930. What is the remainder when l is divided by 21?
6
What is the remainder when (3 + (-11286)/9)/(-3) is divided by 14?
11
Let o(l) = 5*l**2 - 9*l - 2. Let z(g) = 2*g**2 - 5*g - 1. Let x(w) = 3*o(w) - 5*z(w). What is the remainder when x(-3) is divided by 9?
5
Suppose 3*i - 13 = 47. What is the remainder when 39 is divided by i?
19
Let m(y) = -y**3 - 22*y**2 + 21*y - 31. What is the remainder when 64 is divided by m(-23)?
4
Let y(r) = -r**2 - 20*r + 37. Calculate the remainder when y(-19) is divided by 22.
12
Let j = 1 - 3. Let i be 2 + (j - (1 - 5)). Suppose o - i*m = -0*o + 48, 0 = -5*o + m + 145. Calculate the remainder when 82 is divided by o.
26
Let a = -14 - -31. Let d = a - 33. Let v = 63 + d. Calculate the remainder when v is divided by 17.
13
Suppose 4*k = -0*k - 3*b + 47, 0 = 4*k - 5*b - 39. Suppose 45 - 4 = j. Calculate the remainder when j is divided by k.
8
Suppose -10*d = -8*d. Suppose -2*v - c = -15, -3*v + 4*c + 12 + 5 = d. Let x = v - 0. What is the remainder when x is divided by 5?
2
Suppose -428 = -z - 3*z. Let h be 32/8 - 12/(-2). Suppose -6*m + 152 = -h. Calculate the remainder when z is divided by m.
26
Let a = -187 + 103. Let f = -26 - a. Let h(v) = 8*v + 127. What is the remainder when f is divided by h(-14)?
13
Suppose -12*l + 23*l - 528 = 0. What is the remainder when 239 is divided by l?
47
Let s(b) be the second derivative of b**4/6 - 13*b**3/6 + 9*b**2/2 - 10*b. What is the remainder when 45 is divided by s(7)?
13
Let c = 652 + -630. Calculate the remainder when 98 is divided by c.
10
Let l = -76 - -163. Let k = 1284 - 1266. Calculate the remainder when l is divided by k.
15
Let u = 27 + -14. Let w(v) = -v**3 - 7*v**2 + 20*v + 22. Let m be w(-9). What is the remainder when u is divided by 7 + (-3*m)/3 + 1?
1
What is the remainder when 75 is divided by (-10 + 132/15)*(-100)/6?
15
Suppose -16*p = -19*p + 51. What is the remainder when 276 is divided by p?
4
Let r(l) = l**2 - 11*l + 29. What is the remainder when 29 is divided by r(9)?
7
Suppose -3*n - 48 = -g - n, 3*g - 3*n = 147. Calculate the remainder when 297 is divided by g.
47
Suppose -50 + 12 = -i. Let v = 63 - i. What is the remainder when v is divided by 9?
7
Let v = -96 - -114. Suppose 250 = -4*b - b. Let g = b + 121. Calculate the remainder when g is divided by v.
17
Let f = 11 + -9. Suppose -3*c - t + 4*t - 102 = 0, 0 = f*c + 3*t + 43. Let s = c + 33. What is the remainder when 9 is divided by s?
1
Let t(b) = -b**3 - 4*b**2 + 6*b + 7. Let o be t(-5). Suppose o*k = -3*k - 115. Let p = k - -36. What is the remainder when 38 is divided by p?
12
What is the remainder when 45 is divided by 6/4*(-1792)/(-84)?
13
Let i(w) = -w**2 + 9*w - 1. Let k be i(7). Suppose 2*s = -3 + k. Suppose 72 = 5*d + 3*h, d + s*h - 11 = h. What is the remainder when 57 is divided by d?
12
Let g be (3*2/3)/(-2). Let h(y) = 69 + 2*y - 30 - 12*y**3 + y**2 - y - 38. Calculate the remainder when 25 is divided by h(g).
12
Suppose -z + 481 = 12*z. Calculate the remainder when 220 is divided by z.
35
Let i(d) = 5*d**2 - 16*d + 16. Calculate the remainder when i(4) is divided by 14.
4
Suppose -4*h = -6*h - 28. Let j = h + 24. Calculate the remainder when 34 is divided by j.
4
Let q = 580 - -248. Calculate the remainder when q is divided by 26.
22
What is the remainder when 9 is divided by 0 + 6 + -6*9/18?
0
Suppose -2*f + 6 = -8. Suppose 4*z = -3*z + 266. Suppose -2*i = -4*i + z. Calculate the remainder when i is divided by f.
5
Let p be 192 - ((1 - 0) + 0). Let f = -106 + p. What is the remainder when f is divided by 6 - -19 - (1 - -2)?
19
Suppose 5*m = 3*j + 8 + 16, 2*m + 2*j = 0. Let o(x) = x**2 + 6. Calculate the remainder when 59 is divided by o(m).
14
Let k = -206 - -297. What is the remainder when k is divided by 41?
9
Suppose 8*f - 5*f = 411. Suppose 147 = 2*a - f. Suppose 5*r - 258 = q + 108, 2*r + 4*q = a. Calculate the remainder when r is divided by 37.
36
Suppose 3*s - 5 = -4*k, 0*s + 4*s = -4. Suppose -5*m = 0, -k*v - v - 3*m + 15 = 0. Suppose v*z - 51 - 39 = 0. What is the remainder when 53 is divided by z?
17
Let h(t) = 3*t**2 + 20*t + 91. Calculate the remainder when h(-5) is divided by 34.
32
Suppose 84 + 201 = 2*l - 3*u, -2*l + 5*u + 287 = 0. Calculate the remainder when l is divided by 33.
9
Suppose -3*j - 69 = -2*f, 0*j + j + 3*f = -12. Let g = -16 - j. Calculate the remainder when 8 is divided by g.
3
Suppose 16*f - 5 = 15*f. Let k = 15 - -6. Suppose -69 = -f*h + k. Calculate the remainder when 51